{"id":575,"date":"2016-03-29T08:16:46","date_gmt":"2016-03-29T08:16:46","guid":{"rendered":"http:\/\/elka-france.eu\/?page_id=575"},"modified":"2023-12-04T13:01:41","modified_gmt":"2023-12-04T11:01:41","slug":"mentions-legales-elka","status":"publish","type":"page","link":"https:\/\/elka-france.eu\/index.php\/mentions-legales-elka\/","title":{"rendered":"Mentions l\u00e9gales"},"content":{"rendered":"\n<p>Bienvenue sur le site web elka-france.eu (ci-apr\u00e8s d\u00e9sign\u00e9 le Site). En utilisant ce Site, vous reconnaissez avoir pris connaissance de la pr\u00e9sente notice l\u00e9gale et vous vous engagez \u00e0 la respecter. Cette notice l\u00e9gale a notamment pour objet de vous informer de l&rsquo;existence de droits de propri\u00e9t\u00e9 intellectuelle devant \u00eatre respect\u00e9s, ainsi que des modalit\u00e9s de collecte et de traitement des informations vous concernant dans le cadre de la mise en \u0153uvre du Site. Le contenu de la pr\u00e9sente notice peut \u00eatre amen\u00e9 \u00e0 changer ; nous vous invitons par cons\u00e9quent \u00e0 la consulter tr\u00e8s r\u00e9guli\u00e8rement.<\/p>\n\n\n\n<h2 class=\"wp-block-heading\">1. Informations sur l&rsquo;entreprise<\/h2>\n\n\n\n<ul class=\"wp-block-list\">\n<li>ELKA-FRANCE<\/li>\n\n\n\n<li>SASU<\/li>\n\n\n\n<li>1 Chemin du Fond de l\u2019Eau 59560 Warneton<\/li>\n\n\n\n<li>03 20 13 29 70<\/li>\n\n\n\n<li>contact@elka-france.eu<\/li>\n\n\n\n<li>Siret : 820 560 001 00019<\/li>\n<\/ul>\n\n\n\n<h2 class=\"wp-block-heading\">2. Responsable de la publication<\/h2>\n\n\n\n<ul class=\"wp-block-list\">\n<li>J-F DEFAUX<\/li>\n\n\n\n<li>contact@elka-france.eu<\/li>\n<\/ul>\n\n\n\n<h2 class=\"wp-block-heading\">3. H\u00e9bergeur du site<\/h2>\n\n\n\n<ul class=\"wp-block-list\">\n<li>OVH SAS<\/li>\n\n\n\n<li>2 rue Kellermann &#8211; 59100 Roubaix &#8211; France<\/li>\n\n\n\n<li><a href=\"https:\/\/www.ovhcloud.com\/fr\/terms-and-conditions\/\" data-type=\"link\" data-id=\"https:\/\/www.ovhcloud.com\/fr\/terms-and-conditions\/\" target=\"_blank\" rel=\"noreferrer noopener\">Mentions l\u00e9gales<\/a><\/li>\n<\/ul>\n\n\n\n<h2 class=\"wp-block-heading\">4. Politique de confidentialit\u00e9 et cookies<\/h2>\n\n\n\n<ul class=\"wp-block-list\">\n<li>Veuillez consulter notre page sur <a href=\"https:\/\/elka-france.eu\/index.php\/politique-de-confidentialite\/\" data-type=\"page\" data-id=\"2552\">la politique de confidentialit\u00e9<\/a>.<\/li>\n<\/ul>\n\n\n\n<h2 class=\"wp-block-heading\">5. Propri\u00e9t\u00e9 intellectuelle<\/h2>\n\n\n\n<p>la soci\u00e9t\u00e9 propri\u00e9taire du site avise les utilisateurs de ce site que de nombreux \u00e9l\u00e9ments de celui-ci :<\/p>\n\n\n\n<ol class=\"wp-block-list\">\n<li>Sont prot\u00e9g\u00e9s par la l\u00e9gislation sur le droit d\u2019auteur : ce peut \u00eatre notamment des photographies, des articles, des dessins, des s\u00e9quences anim\u00e9es, des enregistrements au format audio ou vid\u00e9o num\u00e9riques,\u2026<\/li>\n\n\n\n<li>Et\/ou sont prot\u00e9g\u00e9s par la l\u00e9gislation sur les dessins et mod\u00e8les : ce sont notamment les produits apparaissant sur le site.<\/li>\n\n\n\n<li>Les marques et logos des logiciels affich\u00e9s sur ce site sont la propri\u00e9t\u00e9 respective des soci\u00e9t\u00e9s les exploitant, et ne peuvent \u00eatre exploit\u00e9es sans l\u2019accord pr\u00e9alable et \u00e9crit du propri\u00e9taire desdits marques et logos. Ces marques incluant mais ne se limitant pas n\u00e9cessairement \u00e0 tout logiciel non nomm\u00e9ment identifi\u00e9 dans les pr\u00e9sentes Conditions G\u00e9n\u00e9rales.<\/li>\n<\/ol>\n\n\n\n<h2 class=\"wp-block-heading\">6. Conditions g\u00e9n\u00e9rales d&rsquo;utilisation<\/h2>\n\n\n\n<ul class=\"wp-block-list\">\n<li>Veuillez consulter la page sur les <a href=\"https:\/\/elka-france.eu\/index.php\/conditions-generales-d-utilisation\/\" data-type=\"page\" data-id=\"2547\">conditions g\u00e9n\u00e9rales d&rsquo;utilisation<\/a><\/li>\n<\/ul>\n\n\n\n<h2 class=\"wp-block-heading\">7. Liens hypertextes<\/h2>\n\n\n\n<p>En tout \u00e9tat de cause, Elka France (siege) n\u2019est en aucun cas tenu responsable du contenu ainsi que des produits ou services propos\u00e9s sur les sites auxquels ce site se trouverait li\u00e9 par des liens hypertextes ou tout autre type de liens.<\/p>\n\n\n\n<h2 class=\"wp-block-heading\">8. Clause de non-responsabilit\u00e9<\/h2>\n\n\n\n<p>Mention que l&rsquo;entreprise ne peut \u00eatre tenue responsable de l&rsquo;exactitude ou de l&rsquo;exhaustivit\u00e9 des informations pr\u00e9sent\u00e9es sur le site.<\/p>\n\n\n\n<h2 class=\"wp-block-heading\">9. Coordonn\u00e9es de Contact<\/h2>\n\n\n\n<p>Veuillez-consulter la <a href=\"https:\/\/elka-france.eu\/index.php\/nous-contacter\/\" data-type=\"page\" data-id=\"39\">page contact<\/a> du site.<\/p>\n","protected":false},"excerpt":{"rendered":"<p>Bienvenue sur le site web elka-france.eu (ci-apr\u00e8s d\u00e9sign\u00e9 le Site). En utilisant ce Site, vous reconnaissez avoir pris connaissance de la pr\u00e9sente notice l\u00e9gale et vous vous engagez \u00e0 la respecter. Cette notice l\u00e9gale a notamment pour objet de vous informer de l&rsquo;existence de droits de propri\u00e9t\u00e9 intellectuelle devant \u00eatre respect\u00e9s, ainsi que des modalit\u00e9s&hellip; <br \/> <a class=\"read-more\" href=\"https:\/\/elka-france.eu\/index.php\/mentions-legales-elka\/\">Lire la suite<\/a><\/p>\n","protected":false},"author":1,"featured_media":0,"parent":0,"menu_order":0,"comment_status":"closed","ping_status":"closed","template":"","meta":{"_monsterinsights_skip_tracking":false,"_monsterinsights_sitenote_active":false,"_monsterinsights_sitenote_note":"","_monsterinsights_sitenote_category":0,"footnotes":""},"class_list":["post-575","page","type-page","status-publish","hentry"],"_links":{"self":[{"href":"https:\/\/elka-france.eu\/index.php\/wp-json\/wp\/v2\/pages\/575","targetHints":{"allow":["GET"]}}],"collection":[{"href":"https:\/\/elka-france.eu\/index.php\/wp-json\/wp\/v2\/pages"}],"about":[{"href":"https:\/\/elka-france.eu\/index.php\/wp-json\/wp\/v2\/types\/page"}],"author":[{"embeddable":true,"href":"https:\/\/elka-france.eu\/index.php\/wp-json\/wp\/v2\/users\/1"}],"replies":[{"embeddable":true,"href":"https:\/\/elka-france.eu\/index.php\/wp-json\/wp\/v2\/comments?post=575"}],"version-history":[{"count":12,"href":"https:\/\/elka-france.eu\/index.php\/wp-json\/wp\/v2\/pages\/575\/revisions"}],"predecessor-version":[{"id":2565,"href":"https:\/\/elka-france.eu\/index.php\/wp-json\/wp\/v2\/pages\/575\/revisions\/2565"}],"wp:attachment":[{"href":"https:\/\/elka-france.eu\/index.php\/wp-json\/wp\/v2\/media?parent=575"}],"curies":[{"name":"wp","href":"https:\/\/api.w.org\/{rel}","templated":true}]}}