{"id":2343,"date":"2023-07-21T08:46:20","date_gmt":"2023-07-21T08:46:20","guid":{"rendered":"https:\/\/elka-france.eu\/index.php\/mesmerize\/"},"modified":"2026-02-27T09:45:59","modified_gmt":"2026-02-27T07:45:59","slug":"mesmerize","status":"publish","type":"page","link":"https:\/\/elka-france.eu\/","title":{"rendered":"Front Page"},"content":{"rendered":"<div  id=\"overlappable-4\" style=\"background-color: #ffffff;\" data-label=\"Overlappable\" data-id=\"overlappable-4\" data-export-id=\"overlappable-4\" data-category=\"overlappable\" class=\"overlappable-4 content-section content-section-spacing\" data-overlap=\"true\"><div  class=\"gridContainer\"> <div  data-type=\"row\" class=\"row spaced-cols text-center\"><div  class=\"col-xs-12 col-sm-4 col-padding\"> <i  class=\"fa icon shadow-large-black aligncenter color1 fa-phone reverse round large\"><\/i> <div  data-type=\"column\" class=\"\"> <h5  class=\"\">T\u00e9l\u00e9phone<\/h5> <a  class=\"link\" href=\"tel:+33320132970\" target=\"_blank\" data-cp-link=\"1\" rel=\"noopener\">+33 (0) 320 13 29 70<\/a><\/div> <\/div> <div  class=\"col-xs-12 col-sm-4 col-padding\"> <i  class=\"fa icon shadow-large-black aligncenter color1 fa-map-marker reverse round large\"><\/i> <div  data-type=\"column\" class=\"\"><h5  class=\"\">Adresse<\/h5> <p  class=\"\">ZAC Maurice Schumann\n<br >15 Rue Jacques-Yves Cousteau\n<br >F-59560 COMINES<\/p><a  class=\"link\" href=\"https:\/\/www.google.com\/maps\/search\/ZAC+Maurice+Schumann+15-17+Rue+Jacques-Yves+Cousteau+F-59560+COMINES\/@50.7528172,2.9872446,17z\/data=!3m1!4b1?entry=ttu\" target=\"_blank\" data-cp-link=\"1\" rel=\"noopener\">Ouvrir Google Map<\/a><\/div> <\/div> <div  class=\"col-xs-12 col-sm-4 col-padding\"> <i  class=\"fa icon shadow-large-black aligncenter color1 fa-envelope reverse round large\"><\/i> <div  data-type=\"column\" class=\"\"><h5  class=\"\">Email<\/h5> <a  class=\"link\" href=\"mailto:contact@elka-france.eu\" target=\"_blank\" data-cp-link=\"1\" rel=\"noopener\">contact@elka-france.eu<\/a><\/div> <\/div><\/div> <\/div><\/div><div  id=\"about-1\" style=\"background-color: #f5fafd;\" data-label=\"About\" data-id=\"about-1\" data-export-id=\"about-1\" data-category=\"about\" class=\"about-1 content-section\"><div  class=\"gridContainer\"> <div  class=\"row text-center\"><div  class=\"section-title-col\" data-type=\"column\"> <h5  class=\"\">Electricit\u00e9 + Eur\u00eaka = ELKA-FRANCE, Fournisseur de Solutions !<\/h5>  <p  class=\"lead\">La distribution d\u2019\u00e9nergie \u00e9lectrique est le coeur de votre industrie, b\u00e2timent ou tout simplement de votre activit\u00e9, il faut la prot\u00e9ger et en prendre soin.<\/p><p  class=\"\">Postes de Livraison, Postes C13100, Postes C13200, Postes HT, Postes Enedis, Postes EDF, Cabines b\u00e9ton, Locaux Techniques, Tableaux HT,&nbsp; Transformateurs, \u2026<\/p><\/div> <\/div> <div  class=\"row\"> <div  class=\"button-holder space-bottom space-bottom-small\" data-type=\"column\"> <a  class=\"button color1\" href=\"https:\/\/elka-france.eu\/index.php\/nous-contacter\" target=\"_self\" data-cp-link=\"1\" rel=\"noopener\">Nous contacter<\/a><\/div> <div  class=\"col-xs bottom-xs flexbox image-group-bottom-3-img space-bottom-xs center-xs\"> <img  decoding=\"async\" class=\"left-img shadow-large-black\" data-size=\"500x300\" src=\"https:\/\/elka-france.eu\/wp-content\/uploads\/2023\/08\/Elka-France-C13100-comptage-HT-Enedis-PdL-Poste-de-Livraison-Local-Technique-2.jpg\" title=\"Elka-France C13100, comptage HT, Enedis, PdL, Poste de Livraison, Local Technique, 2\" alt=\"\"> <img  decoding=\"async\" class=\"center-img shadow-large-black\" data-size=\"500x300\" src=\"https:\/\/elka-france.eu\/wp-content\/uploads\/2023\/08\/Untitled-1.jpg\" title=\"Postes de Livraison, PdL, Postes C13100, Postes HT, Postes Enedis, Postes B\u00e9ton, Cabines B\u00e9ton, Locaux Technique\" alt=\"Postes de Livraison, PdL, Postes C13100, Postes HT, Postes Enedis, Postes B\u00e9ton, Cabines B\u00e9ton, Locaux Technique\"> <img  decoding=\"async\" class=\"right-img shadow-large-black\" data-size=\"500x300\" src=\"https:\/\/elka-france.eu\/wp-content\/uploads\/2023\/08\/Elka-France-C13100-comptage-HT-Enedis-PdL-Poste-de-Livraison-Local-Technique-3.jpg\" title=\"Elka-France C13100, comptage HT, Enedis, PdL, Poste de Livraison, Local Technique, 3\" alt=\"\"><\/div> <\/div><\/div> <\/div><div  data-label=\"Features\" data-id=\"features--2\" data-export-id=\"features-13-card-bordered\" data-category=\"features\" class=\"features-13 content-section content-section-spacing\" id=\"features-5\" style=\"background-color: rgb(255, 255, 255);\"><div  class=\"gridContainer\"> <div  class=\"row text-center\"><div  class=\"section-title-col\" data-type=\"column\"> <h2  class=\"\">Professionnel de confiance<\/h2> <p  class=\"lead\">ELKA FRANCE s\u2019accompagne et s\u2019entoure des meilleures entreprises dans leurs domaines.<\/p><\/div> <\/div> <div  class=\"row spaced-cols content-center-sm\" data-type=\"row\"> <div  class=\"col-sm-4\"> <div  class=\"card bordered y-move\" data-type=\"column\"> <i  class=\"fa icon color1 fa-check bordered round big\"><\/i> <h4  class=\"\">AGR\u00c9E ENEDIS<\/h4> <p  class=\"\">Nous avons l\u2019autorisation d\u2019emploi Enedis. Le Gestionnaire du r\u00e9seau de distribution en France m\u00e9tropolitaine et continentale.<\/p> <img  decoding=\"async\" class=\"custom-image\" src=\"https:\/\/elka-france.eu\/wp-content\/uploads\/2023\/07\/logo-enedis-1.png\" title=\"logo-enedis-1\" alt=\"\"><\/div> <\/div> <div  class=\"col-sm-4\"> <div  class=\"card bordered y-move\" data-type=\"column\"> <i  class=\"fa icon color1 fa-handshake-o bordered round big\"><\/i> <h4  class=\"\">PARTENAIRE SCHNEIDER<\/h4> <p  class=\"\">Sp\u00e9cialiste et leader mondial des solutions num\u00e9riques d\u2019energie et des automatisations pour l\u2019efficacit\u00e9 \u00e9nerg\u00e9tique et la durabilit\u00e9.<\/p> <img  decoding=\"async\" class=\"custom-image\" src=\"https:\/\/elka-france.eu\/wp-content\/uploads\/2024\/08\/schneider.jpg\" title=\"schneider\" alt=\"\"><\/div> <\/div> <div  class=\"col-sm-4\"> <div  class=\"card bordered y-move\" data-type=\"column\"> <i  class=\"fa icon color1 fa-handshake-o bordered round big\"><\/i> <h4  class=\"\">PARTENAIRE LITHOB\u00c9TON<\/h4> <p  class=\"\">Leader du march\u00e9 des postes \/ cabines en Belgique.<\/p> <a  data-cp-link=\"1\" href=\"https:\/\/www.lithobeton.be\/fr\/electricite?utm_source=elka-france\" class=\"\" target=\"_blank\" rel=\"noopener\"><img  decoding=\"async\" class=\"custom-image\" src=\"https:\/\/elka-france.eu\/wp-content\/uploads\/2023\/08\/lithobeton-rect.jpg\" title=\"lithobeton-rect\" alt=\"\"><\/a><\/div> <\/div><\/div> <\/div><\/div><div  id=\"cta-1\" data-label=\"Cta\" data-id=\"cta-blue-section\" data-export-id=\"cta-blue-section\" data-category=\"cta\" class=\"cta-blue-section content-section content-section-spacing-medium bg-color1 white-text\"><div  class=\"gridContainer\"> <div  class=\"row middle-xs\"><div  class=\"col-sm-8 space-bottom-xs\" data-type=\"column\"> <h2  class=\"\">Vous avez besoin de conseils ?<\/h2> <\/div> <div  class=\"col-sm-4 end-sm\" data-type=\"column\"> <a  class=\"button color2\" href=\"https:\/\/elka-france.eu\/index.php\/nous-contacter\" target=\"_self\" data-cp-link=\"1\" rel=\"noopener\">Nous contacter<\/a><\/div> <\/div><\/div> <\/div><div  id=\"portfolio-3\" style=\"background-color: #f5fafd;\" data-label=\"Portfolio\" data-id=\"portfolio-4\" data-export-id=\"portfolio-4\" data-category=\"portfolio\" class=\"portfolio-4 content-section content-section-spacing-top\"><div  class=\"\"> <div  class=\"row text-center\"><div  class=\"section-title-col\" data-type=\"column\"> <h2  class=\"\">Quelques r\u00e9alisations<\/h2> <p  class=\"lead\">Postes de Livraison, Postes C13100, Postes C13200, Postes HT,<br >Postes Enedis, Postes B\u00e9ton, Postes Enedis, Postes EDF, Cabines B\u00e9ton,<br >Locaux Technique, Tableaux HT, Transformateurs, \u2026<\/p><\/div> <\/div> <div  data-type=\"row\" class=\"row\" data-fixed=\"true\"> <div  class=\"col-xs-12 col-sm-3 no-gutter-col\"> <div  class=\"contentswap-effect\" data-hover-fx=\"portfolio-4\"> <div  class=\"initial-image\"> <img  decoding=\"async\" data-size=\"542x360\" src=\"https:\/\/elka-france.eu\/wp-content\/uploads\/2021\/02\/Elka-France-Poste-de-Livraison-Briques.jpg\"><\/div> <div  class=\"overlay bg-color1\"><\/div> <div  class=\"swap-inner col-xs-12\"> <div  class=\"row full-height-row middle-xs middle-sm\"> <div  class=\"col-xs-12 text-center content-holder\"> <a  href=\"#\" target=\"_self\" rel=\"noopener\"><i  class=\"fa icon portfolio-icon fa-search big\" aria-hidden=\"true\"><\/i><\/a><\/div> <\/div><\/div> <\/div><\/div> <div  class=\"col-xs-12 col-sm-3 no-gutter-col\"><div  class=\"contentswap-effect\" data-hover-fx=\"portfolio-4\"> <div  class=\"initial-image\"> <img  decoding=\"async\" data-size=\"542x360\" src=\"https:\/\/elka-france.eu\/wp-content\/uploads\/2020\/06\/Elka-France-PdL-Bois.jpg\"><\/div> <div  class=\"overlay bg-color1\"><\/div> <div  class=\"swap-inner col-xs-12\"> <div  class=\"row full-height-row middle-xs middle-sm\"> <div  class=\"col-xs-12 text-center content-holder\"> <a  href=\"#\" target=\"_self\" rel=\"noopener\"><i  class=\"fa icon portfolio-icon fa-search big\" aria-hidden=\"true\"><\/i><\/a><\/div> <\/div><\/div> <\/div><\/div> <div  class=\"col-xs-12 col-sm-3 no-gutter-col\"><div  class=\"contentswap-effect\" data-hover-fx=\"portfolio-4\"> <div  class=\"initial-image\"> <img  decoding=\"async\" data-size=\"542x360\" src=\"https:\/\/elka-france.eu\/wp-content\/uploads\/2021\/02\/Elka-France-Libra-comptage-HT.jpg\"><\/div> <div  class=\"overlay bg-color1\"><\/div> <div  class=\"swap-inner col-xs-12\"> <div  class=\"row full-height-row middle-xs middle-sm\"> <div  class=\"col-xs-12 text-center content-holder\"> <a  href=\"#\" target=\"_self\" rel=\"noopener\"><i  class=\"fa icon portfolio-icon fa-search big\" aria-hidden=\"true\"><\/i><\/a><\/div> <\/div><\/div> <\/div><\/div> <div  class=\"col-xs-12 col-sm-3 no-gutter-col\"><div  class=\"contentswap-effect\" data-hover-fx=\"portfolio-4\"> <div  class=\"initial-image\"> <img  decoding=\"async\" data-size=\"542x360\" src=\"https:\/\/elka-france.eu\/wp-content\/uploads\/2021\/02\/Elka-France-800KVA-RM6.jpg\"><\/div> <div  class=\"overlay bg-color1\"><\/div> <div  class=\"swap-inner col-xs-12\"> <div  class=\"row full-height-row middle-xs middle-sm\"> <div  class=\"col-xs-12 text-center content-holder\"> <a  href=\"#\" target=\"_self\" rel=\"noopener\"><i  class=\"fa icon portfolio-icon fa-search big\" aria-hidden=\"true\"><\/i><\/a><\/div> <\/div><\/div> <\/div><\/div> <div  class=\"col-xs-12 col-sm-3 no-gutter-col\"><div  class=\"contentswap-effect\" data-hover-fx=\"portfolio-4\"> <div  class=\"initial-image\"> <img  decoding=\"async\" data-size=\"542x360\" src=\"https:\/\/elka-france.eu\/wp-content\/uploads\/2021\/02\/Elka-France-Poste-Toit-D%C3%A9montable.jpg\"><\/div> <div  class=\"overlay bg-color1\"><\/div> <div  class=\"swap-inner col-xs-12\"> <div  class=\"row full-height-row middle-xs middle-sm\"> <div  class=\"col-xs-12 text-center content-holder\"> <a  href=\"#\" target=\"_self\" rel=\"noopener\"><i  class=\"fa icon portfolio-icon fa-search big\" aria-hidden=\"true\"><\/i><\/a><\/div> <\/div><\/div> <\/div><\/div> <div  class=\"col-xs-12 col-sm-3 no-gutter-col\"><div  class=\"contentswap-effect\" data-hover-fx=\"portfolio-4\"> <div  class=\"initial-image\"> <img  decoding=\"async\" data-size=\"542x360\" src=\"https:\/\/elka-france.eu\/wp-content\/uploads\/2021\/02\/Elka-France-C13100-M%C3%A9thanisation.jpg\"><\/div> <div  class=\"overlay bg-color1\"><\/div> <div  class=\"swap-inner col-xs-12\"> <div  class=\"row full-height-row middle-xs middle-sm\"> <div  class=\"col-xs-12 text-center content-holder\"> <a  href=\"#\" target=\"_self\" rel=\"noopener\"><i  class=\"fa icon portfolio-icon fa-search big\" aria-hidden=\"true\"><\/i><\/a><\/div> <\/div><\/div> <\/div><\/div> <div  class=\"col-xs-12 col-sm-3 no-gutter-col\"><div  class=\"contentswap-effect\" data-hover-fx=\"portfolio-4\"> <div  class=\"initial-image\"> <img  decoding=\"async\" data-size=\"542x360\" src=\"https:\/\/elka-france.eu\/wp-content\/uploads\/2021\/02\/Elka-France-FAT-Usine.jpg\"><\/div> <div  class=\"overlay bg-color1\"><\/div> <div  class=\"swap-inner col-xs-12\"> <div  class=\"row full-height-row middle-xs middle-sm\"> <div  class=\"col-xs-12 text-center content-holder\"> <a  href=\"#\" target=\"_self\" rel=\"noopener\"><i  class=\"fa icon portfolio-icon fa-search big\" aria-hidden=\"true\"><\/i><\/a><\/div> <\/div><\/div> <\/div><\/div> <div  class=\"col-xs-12 col-sm-3 no-gutter-col\"><div  class=\"contentswap-effect\" data-hover-fx=\"portfolio-4\"> <div  class=\"initial-image\"> <img  decoding=\"async\" data-size=\"542x360\" src=\"https:\/\/elka-france.eu\/wp-content\/uploads\/2021\/02\/Elka-France-1000KVA-RM6.jpg\"><\/div> <div  class=\"overlay bg-color1\"><\/div> <div  class=\"swap-inner col-xs-12\"> <div  class=\"row full-height-row middle-xs middle-sm\"> <div  class=\"col-xs-12 text-center content-holder\"> <a  href=\"#\" target=\"_self\" rel=\"noopener\"><i  class=\"fa icon portfolio-icon fa-search big\" aria-hidden=\"true\"><\/i><\/a><\/div> <\/div><\/div> <\/div><\/div> <\/div><\/div> <\/div><div  id=\"latest-news-1\" style=\"background-color: #f5fafd;\" data-label=\"Latest-news\" data-id=\"blog-section\" data-export-id=\"blog-section\" data-category=\"latest_news\" class=\"blog-section blog-section-standard content-section content-section-spacing\"><div  class=\"gridContainer\"> <div  class=\"row\"><div  data-type=\"column\" class=\"section-title-col\"> <h2  class=\"\">Derni\u00e8res informations<\/h2> <p  class=\"lead\">Suiviez l\u2019actualit\u00e9 de Elka FRANCE, le sp\u00e9cialiste des Postes de Livraison, Postes C13100, Postes C13200, Postes HT, Postes Enedis, Postes B\u00e9ton, Postes EDF, Cabines B\u00e9ton, Locaux Techniques, Tableaux HT, Transformateurs, \u2026<\/p><\/div> <\/div> <div  class=\"row\"> <div  data-type=\"row\" data-dynamic-columns=\"handled\" data-content-shortcode=\"mesmerize_latest_news\">\t\t<div class=\"row center-sm content-left-sm\">\n\t\t\t\t\t<div id=\"post-2731\" class=\"col-sm-6 col-md-4 space-bottom space-bottom-xs\">\n\t\t\t\t<div class=\"post-content card y-move bordered\">\n\t\t\t\t\t<div class=\"post-thumbnail\">\n   <a href=\"https:\/\/elka-france.eu\/index.php\/2025\/04\/28\/le-parafoudre-sans-prise-de-tete\/\" class=\"post-list-item-thumb \">\n      <img loading=\"lazy\" decoding=\"async\" width=\"800\" height=\"600\" src=\"https:\/\/elka-france.eu\/wp-content\/uploads\/2025\/04\/elka-parfoudre.jpg\" class=\"attachment-post-thumbnail size-post-thumbnail wp-post-image\" alt=\"\" srcset=\"https:\/\/elka-france.eu\/wp-content\/uploads\/2025\/04\/elka-parfoudre.jpg 800w, https:\/\/elka-france.eu\/wp-content\/uploads\/2025\/04\/elka-parfoudre-300x225.jpg 300w, https:\/\/elka-france.eu\/wp-content\/uploads\/2025\/04\/elka-parfoudre-768x576.jpg 768w\" sizes=\"auto, (max-width: 800px) 100vw, 800px\" \/>   <\/a>\n<\/div>\n\t\t\t\t\t<div class=\"col-padding col-padding-xs\">\n\t\t\t\t\t\t<h3 class=\"post-title space-bottom-small\">\n\t\t\t\t\t\t\t<a href=\"https:\/\/elka-france.eu\/index.php\/2025\/04\/28\/le-parafoudre-sans-prise-de-tete\/\" rel=\"bookmark\">\n\t\t\t\t\t\t\t\tLe parafoudre sans prise de t\u00eate\t\t\t\t\t\t\t<\/a>\n\t\t\t\t\t\t<\/h3>\n\t\t\t\t\t\t<p>Dans un contexte o\u00f9 les enjeux li\u00e9s \u00e0 la protection des installations \u00e9lectriques face \u00e0 la foudre et aux surtensions deviennent majeurs, nous mettons \u00e0 votre disposition un guide complet[&hellip;]<\/p>\n\t\t\t\t\t\t<a class=\"read-more link\" href=\"https:\/\/elka-france.eu\/index.php\/2025\/04\/28\/le-parafoudre-sans-prise-de-tete\/\">\n\t\t\t\t\t\t\tRead more\t\t\t\t\t\t<\/a>\n\t\t\t\t\t<\/div>\n\t\t\t\t<\/div>\n\t\t\t<\/div>\n\t\t\t\t\t\t<div id=\"post-2718\" class=\"col-sm-6 col-md-4 space-bottom space-bottom-xs\">\n\t\t\t\t<div class=\"post-content card y-move bordered\">\n\t\t\t\t\t<div class=\"post-thumbnail\">\n   <a href=\"https:\/\/elka-france.eu\/index.php\/2025\/03\/10\/decoder-le-reglement-de-lue-sur-les-gaz-a-effet-de-serre-fluores\/\" class=\"post-list-item-thumb \">\n      <img loading=\"lazy\" decoding=\"async\" width=\"800\" height=\"600\" src=\"https:\/\/elka-france.eu\/wp-content\/uploads\/2025\/03\/Untitled-1.jpg\" class=\"attachment-post-thumbnail size-post-thumbnail wp-post-image\" alt=\"\" srcset=\"https:\/\/elka-france.eu\/wp-content\/uploads\/2025\/03\/Untitled-1.jpg 800w, https:\/\/elka-france.eu\/wp-content\/uploads\/2025\/03\/Untitled-1-300x225.jpg 300w, https:\/\/elka-france.eu\/wp-content\/uploads\/2025\/03\/Untitled-1-768x576.jpg 768w\" sizes=\"auto, (max-width: 800px) 100vw, 800px\" \/>   <\/a>\n<\/div>\n\t\t\t\t\t<div class=\"col-padding col-padding-xs\">\n\t\t\t\t\t\t<h3 class=\"post-title space-bottom-small\">\n\t\t\t\t\t\t\t<a href=\"https:\/\/elka-france.eu\/index.php\/2025\/03\/10\/decoder-le-reglement-de-lue-sur-les-gaz-a-effet-de-serre-fluores\/\" rel=\"bookmark\">\n\t\t\t\t\t\t\t\tD\u00e9coder le r\u00e8glement de l&rsquo;UE sur les gaz \u00e0 effet de serre fluor\u00e9s\t\t\t\t\t\t\t<\/a>\n\t\t\t\t\t\t<\/h3>\n\t\t\t\t\t\t<p>Le r\u00e8glement europ\u00e9en sur les gaz fluor\u00e9s (UE 2024\/573), entr\u00e9 en vigueur le 11 mars 2024, vise \u00e0 r\u00e9duire l&rsquo;utilisation des gaz \u00e0 effet de serre fluor\u00e9s, notamment le SF6,[&hellip;]<\/p>\n\t\t\t\t\t\t<a class=\"read-more link\" href=\"https:\/\/elka-france.eu\/index.php\/2025\/03\/10\/decoder-le-reglement-de-lue-sur-les-gaz-a-effet-de-serre-fluores\/\">\n\t\t\t\t\t\t\tRead more\t\t\t\t\t\t<\/a>\n\t\t\t\t\t<\/div>\n\t\t\t\t<\/div>\n\t\t\t<\/div>\n\t\t\t\t\t\t<div id=\"post-2712\" class=\"col-sm-6 col-md-4 space-bottom space-bottom-xs\">\n\t\t\t\t<div class=\"post-content card y-move bordered\">\n\t\t\t\t\t<div class=\"post-thumbnail\">\n   <a href=\"https:\/\/elka-france.eu\/index.php\/2024\/12\/28\/meilleurs-voeux-pour-2025\/\" class=\"post-list-item-thumb \">\n      <img loading=\"lazy\" decoding=\"async\" width=\"1024\" height=\"576\" src=\"https:\/\/elka-france.eu\/wp-content\/uploads\/2024\/12\/Screenshot-2024-12-28-at-14.43.54-1024x576.png\" class=\"attachment-post-thumbnail size-post-thumbnail wp-post-image\" alt=\"\" srcset=\"https:\/\/elka-france.eu\/wp-content\/uploads\/2024\/12\/Screenshot-2024-12-28-at-14.43.54-1024x576.png 1024w, https:\/\/elka-france.eu\/wp-content\/uploads\/2024\/12\/Screenshot-2024-12-28-at-14.43.54-300x169.png 300w, https:\/\/elka-france.eu\/wp-content\/uploads\/2024\/12\/Screenshot-2024-12-28-at-14.43.54-768x432.png 768w, https:\/\/elka-france.eu\/wp-content\/uploads\/2024\/12\/Screenshot-2024-12-28-at-14.43.54-1536x863.png 1536w, https:\/\/elka-france.eu\/wp-content\/uploads\/2024\/12\/Screenshot-2024-12-28-at-14.43.54.png 1676w\" sizes=\"auto, (max-width: 1024px) 100vw, 1024px\" \/>   <\/a>\n<\/div>\n\t\t\t\t\t<div class=\"col-padding col-padding-xs\">\n\t\t\t\t\t\t<h3 class=\"post-title space-bottom-small\">\n\t\t\t\t\t\t\t<a href=\"https:\/\/elka-france.eu\/index.php\/2024\/12\/28\/meilleurs-voeux-pour-2025\/\" rel=\"bookmark\">\n\t\t\t\t\t\t\t\tMeilleurs voeux pour 2025 !\t\t\t\t\t\t\t<\/a>\n\t\t\t\t\t\t<\/h3>\n\t\t\t\t\t\t<p>Chers partenaires, clients et collaborateurs, c&rsquo;est avec plaisir que nous vous pr\u00e9sentons nos meilleurs v\u0153ux pour cette nouvelle ann\u00e9e 2025. Que cette ann\u00e9e soit synonyme de nouveaux projets et de[&hellip;]<\/p>\n\t\t\t\t\t\t<a class=\"read-more link\" href=\"https:\/\/elka-france.eu\/index.php\/2024\/12\/28\/meilleurs-voeux-pour-2025\/\">\n\t\t\t\t\t\t\tRead more\t\t\t\t\t\t<\/a>\n\t\t\t\t\t<\/div>\n\t\t\t\t<\/div>\n\t\t\t<\/div>\n\t\t\t\t<\/div>\n\t<\/div><\/div> <div  class=\"row\"><div  class=\"text-center\"> <a  class=\"button color1\" data-attr-shortcode=\"href:mesmerize_blog_link\" href=\"https:\/\/elka-france.eu\/index.php\/blog\/\">Voir tous les autres actualit\u00e9s<\/a><\/div> <\/div><\/div><\/div><div  data-label=\"Features\" data-id=\"features--1\" data-export-id=\"features-12\" data-category=\"features\" class=\"features-12 content-section content-section-spacing \" id=\"features-4\" style=\"background-color: rgb(245, 250, 253);\"><div  class=\"gridContainer\"> <div  class=\"row text-center\"><div  class=\"section-title-col\" data-type=\"column\"> <h2  class=\"\">Nos ressources<\/h2> <p  class=\"lead\">Il est important pour ELKA FRANCE de vous accompagner sur vos r\u00e9alisations de Postes de Livraison, Pdl, Postes C13100, Postes HT, Postes Enedis, Postes B\u00e9ton, Cabines B\u00e9ton, Locaux Technique.<\/p><\/div> <\/div> <div  class=\"row spaced-cols\" data-type=\"row\"> <div  class=\"col-sm-6\"> <div  class=\"row space-bottom\"> <div  class=\"col-sm-fit icon-column\"> <i  class=\"fa icon color2 fa-archive bordered round\"><\/i> <\/div> <div  class=\"col-sm\" data-type=\"column\"> <h5  class=\"color2\">CATALOGUE LITHOBETON<\/h5> <p  class=\"\">Lithobeton est le leader du march\u00e9 des postes \/ cabines en Belgique. Il est le fournisseur principal des postes b\u00e9ton pour les op\u00e9rateurs de r\u00e9seaux tels que Fluvius, Ores, Sibelga et Resa. En 2022 environ 1600 cabines ont \u00e9t\u00e9 livr\u00e9es.<\/p><a  class=\"button blue\" href=\"https:\/\/elka-france.eu\/wp-content\/uploads\/2020\/04\/Catalogue-Lithob%C3%A9ton-Elka-France-2020.pdf\" target=\"_blank\" data-cp-link=\"1\" rel=\"noopener\">Acc\u00e9der au catalogue<\/a><\/div> <\/div><\/div> <div  class=\"col-sm-6\"><div  class=\"row space-bottom\"> <div  class=\"col-sm-fit icon-column\"><i  class=\"fa icon color2 fa-linkedin-square bordered round\"><\/i><\/div> <div  class=\"col-sm\" data-type=\"column\"><h5  class=\"color2\">LINKEDIN<\/h5> <p  class=\"\">Suivez l\u2019actualit\u00e9 de l\u2019entreprise ELKA FRANCE sur LinkedIn ainsi que nos offres d\u2019emplois.<\/p><a  class=\"button blue\" href=\"https:\/\/www.linkedin.com\/company\/elka-france\" target=\"_blank\" data-cp-link=\"1\" rel=\"noopener\">Acc\u00e9der \u00e0 notre page LinkedIn<\/a><\/div> <\/div><\/div> <div  class=\"col-sm-6\"><div  class=\"row space-bottom\"> <div  class=\"col-sm-fit icon-column\"><i  class=\"fa icon color2 fa-youtube-square bordered round\"><\/i><\/div> <div  class=\"col-sm\" data-type=\"column\"><h5  class=\"color2\">YOUTUBE<\/h5> <p  class=\"\">Suivez l\u2019actualit\u00e9 de l\u2019entreprise ELKA FRANCE en vid\u00e9o sur notre cha\u00eene YouTube.<\/p><a  class=\"button blue\" href=\"https:\/\/www.youtube.com\/@elkafrance5030\" target=\"_blank\" data-cp-link=\"1\" rel=\"noopener\">Acc\u00e9der \u00e0 notre chaine YouTube<\/a><\/div> <\/div><\/div> <div  class=\"col-sm-6\"><div  class=\"row space-bottom\"> <div  class=\"col-sm-fit icon-column\"><i  class=\"fa icon color2 fa-facebook-official bordered round\"><\/i><\/div> <div  class=\"col-sm\" data-type=\"column\"><h5  class=\"color2\">FACEBOOK<\/h5> <p  class=\"\">Suivez l\u2019actualit\u00e9 de l\u2019entreprise ELKA FRANCE sur notre page Facebook.<\/p><a  class=\"button blue\" href=\"https:\/\/www.facebook.com\/ELKA.FRANCE.EU\" target=\"_blank\" data-cp-link=\"1\" rel=\"noopener\">Acc\u00e9der \u00e0 notre page Facebook<\/a><\/div> <\/div><\/div> <\/div><\/div> <\/div>","protected":false},"excerpt":{"rendered":"<p>T\u00e9l\u00e9phone +33 (0) 320 13 29 70 Adresse ZAC Maurice Schumann 15 Rue Jacques-Yves Cousteau F-59560 COMINESOuvrir Google Map Email contact@elka-france.eu Electricit\u00e9 + Eur\u00eaka = ELKA-FRANCE, Fournisseur de Solutions ! La distribution d\u2019\u00e9nergie \u00e9lectrique est le coeur de votre industrie, b\u00e2timent ou tout simplement de votre activit\u00e9, il faut la prot\u00e9ger et en prendre soin.Postes&hellip; <br \/> <a class=\"read-more\" href=\"https:\/\/elka-france.eu\/index.php\/2024\/12\/28\/meilleurs-voeux-pour-2025\/\">Lire la suite<\/a><\/p>\n","protected":false},"author":1,"featured_media":0,"parent":0,"menu_order":0,"comment_status":"closed","ping_status":"closed","template":"page-templates\/homepage.php","meta":{"_monsterinsights_skip_tracking":false,"_monsterinsights_sitenote_active":false,"_monsterinsights_sitenote_note":"","_monsterinsights_sitenote_category":0,"footnotes":""},"class_list":["post-2343","page","type-page","status-publish","hentry"],"_links":{"self":[{"href":"https:\/\/elka-france.eu\/index.php\/wp-json\/wp\/v2\/pages\/2343","targetHints":{"allow":["GET"]}}],"collection":[{"href":"https:\/\/elka-france.eu\/index.php\/wp-json\/wp\/v2\/pages"}],"about":[{"href":"https:\/\/elka-france.eu\/index.php\/wp-json\/wp\/v2\/types\/page"}],"author":[{"embeddable":true,"href":"https:\/\/elka-france.eu\/index.php\/wp-json\/wp\/v2\/users\/1"}],"replies":[{"embeddable":true,"href":"https:\/\/elka-france.eu\/index.php\/wp-json\/wp\/v2\/comments?post=2343"}],"version-history":[{"count":33,"href":"https:\/\/elka-france.eu\/index.php\/wp-json\/wp\/v2\/pages\/2343\/revisions"}],"predecessor-version":[{"id":2703,"href":"https:\/\/elka-france.eu\/index.php\/wp-json\/wp\/v2\/pages\/2343\/revisions\/2703"}],"wp:attachment":[{"href":"https:\/\/elka-france.eu\/index.php\/wp-json\/wp\/v2\/media?parent=2343"}],"curies":[{"name":"wp","href":"https:\/\/api.w.org\/{rel}","templated":true}]}}